are the prime factors of k(l)?
2, 19
Let w(s) be the second derivative of -9*s**5/20 - s**4/12 - s**3/6 - s. Let r = 3 - 4. What are the prime factors of w(r)?
3
Suppose -2*t = 6 + 6. Let n = 6 - 19. Let h = t - n. What are the prime factors of h?
7
Suppose 0 = t + 5*j + 18, 5*t + 0*j = 2*j + 45. Let o = -4 + t. What are the prime factors of 15 + 6/(o/(-1))?
13
Suppose -5*x = 5*v, 0*v + 2*x + 8 = 2*v. Suppose 4*i + v*f - 28 = 0, -3*i = 2*i + 3*f - 34. What are the prime factors of i?
2
Suppose -2*w + 308 = -2*v, -4*v + 738 = 5*w - v. What are the prime factors of w?
2, 3, 5
Let i(n) = -n**2 - n + 4. Let g be i(-3). Let u = 2 - g. Suppose 0*f + 75 = 5*f - 5*x, 45 = 3*f - u*x. List the prime factors of f.
3, 5
Let p(l) = -l**2 + 16*l + 6. Let w be p(8). Suppose -4*c - 4*b = -0*b - 80, -w = -4*c - 2*b. Let u = -5 + c. List the prime factors of u.
2, 5
Suppose -v + 29 = -8. List the prime factors of v.
37
Let q(z) = 5*z - 1. Let r(p) = p + 1. Let h(m) = q(m) - 4*r(m). Let f be h(8). List the prime factors of ((-2)/(-6))/(f/45).
5
Let y be 6/(2*3/(-8)). Let w = -23 - y. What are the prime factors of (3/5)/((-1)/w)?
3
Let m = -4 + 1. Let p = -5 + -9. Let j = m - p. List the prime factors of j.
11
Let v(b) = 6*b**2 - b - 2. Suppose 7*i + 10 = 2*i. What are the prime factors of v(i)?
2, 3
Suppose -5*k + 2 + 0 = 3*p, 4*p - 2*k - 20 = 0. What are the prime factors of p?
2
Suppose 5*y - 124 - 66 = 0. List the prime factors of y.
2, 19
Let p(a) = -4*a. Let i(f) = f - 1. Let c be i(1). Suppose -2*n = -c*n + 2. List the prime factors of p(n).
2
Let n(o) = -2*o - 4. Let s(t) = 3*t + 4. Let y(p) = -2*n(p) - 3*s(p). List the prime factors of y(-3).
11
Suppose y + 17 = 4*v, 4*v - 20 = -v + y. Let z be (-2)/(-1 - (1 - v)). What are the prime factors of z/8 - (-65)/4?
2
Let p = 243 - 79. List the prime factors of p.
2, 41
What are the prime factors of 239 - (6/(-2) + 7)?
5, 47
Let m(a) = 3*a + 11. What are the prime factors of m(0)?
11
Let z = -17 + 19. Suppose z*k + 128 = 6*k. What are the prime factors of k?
2
Suppose -346 = -4*d - 50. List the prime factors of d.
2, 37
Suppose -1 = -3*h + 8. Suppose m + h - 5 = 0. Let l = 1 + m. List the prime factors of l.
3
Let t(f) = 12*f + 25. What are the prime factors of t(8)?
11
Let z(x) = x**3 + x**2 + x. Let w(b) = 2*b**3 + 2*b**2 + b - 1. Let l(a) = 4*w(a) - 7*z(a). Let f be l(3). Let v = -16 + f. What are the prime factors of v?
7
Let j(i) be the third derivative of i**5/60 - i**4/4 + 5*i**3/6 - i**2. Let f be j(5). Suppose 0 = -f*c + 3*c - 9. List the prime factors of c.
3
Suppose 5*x = -3*i + 35, -2*i + 44 = 2*i + 4*x. List the prime factors of (-22)/(-3)*15/i.
11
Suppose 6*x + 13*x - 5054 = 0. List the prime factors of x.
2, 7, 19
Let n = 11 + -4. What are the prime factors of n?
7
Let s(i) = -32*i + 1. List the prime factors of s(-2).
5, 13
Suppose -4*h + 15 = 2*l - 5, 12 = 3*l - 3*h. What are the prime factors of l?
2, 3
Let z(b) be the first derivative of b**3/3 - 5*b**2/2 - 4*b + 2. Let s be z(7). What are the prime factors of (-26)/(-10) - (-4)/s?
3
Suppose -2*s + 18 = -3*s. List the prime factors of ((-7)/3)/(3/s).
2, 7
Let x be -1 - (5 + -1 + 0). Let l(g) = -g**2 - 9*g - 7. Let s be l(x). Suppose 0 = 2*b + i - s - 1, 4*i = -5*b + 35. List the prime factors of b.
7
Suppose -3*h - 5*f = -1 - 1, 20 = 4*h - 2*f. Suppose 0 = h*d + 6 - 22. What are the prime factors of 21/6 + (-2)/d?
3
Suppose 2 = -2*h + 2*i, -h + 7 = -0*h - 5*i. What are the prime factors of 9/(-2*h/4)?
2, 3
Suppose 2*u - 5*u - 27 = -4*y, 2*y = -4*u - 14. Let v(c) = c**3 - 2*c**2. List the prime factors of v(y).
3
Let h(i) = -2*i + 1. Let n be h(-2). Suppose 0*o - n*o = -55. What are the prime factors of o?
11
What are the prime factors of 2742/54 - 2/(-9)?
3, 17
Let b be (48/(-10))/((-3)/10). Suppose -2*m + b = -m. List the prime factors of m.
2
Let p(a) = 9*a**2 - 2*a. List the prime factors of p(-5).
5, 47
Let i(s) = -2*s**2 - s**3 - s - 2*s**2 + 2*s**3 + 6*s - 5. What are the prime factors of i(4)?
3, 5
Let k = 20 - 14. List the prime factors of (-105 - 0)*(-2)/k.
5, 7
Let n be 0/((-2)/4*-4). Suppose n = -2*c + 4*b + 20, 0*c - 3*c + 34 = -4*b. What are the prime factors of c?
2, 7
Let r(c) = 7*c**3 - 2*c**2 - 6*c - 3. List the prime factors of r(3).
2, 3, 5
Let v = -2 - -8. What are the prime factors of v?
2, 3
Suppose t = 5*g - 535, 0*g - 187 = -2*g - 5*t. Suppose -g = -3*q - 4*k, 12 = q - 3*k - 6. What are the prime factors of q?
2, 3, 5
Suppose 14 = t + 4*u, 3*u - 13 = -5*t + 6. List the prime factors of t.
2
Let t(h) be the first derivative of h**3/2 - 9*h**2/2 + 3*h - 3. Let x(p) be the first derivative of t(p). List the prime factors of x(6).
3
Suppose -2*h + k = -k + 42, 60 = -5*h - 4*k. What are the prime factors of ((-18)/(-4))/((-3)/h)?
2, 3
Suppose 5*d - m + 0*m = 296, 3*m = -d + 56. List the prime factors of d.
59
Suppose l + 0*a - a = 46, -4*a = -5*l + 235. What are the prime factors of l?
3, 17
Suppose -33 - 9 = -2*b. List the prime factors of b.
3, 7
Suppose 2*x = 35 + 13. What are the prime factors of x?
2, 3
Let l be (12/(-10))/((-4)/10). Suppose 0 = 2*w + o - 2, 2*w - 3*o = 7*w - 6. Suppose w = 3*c + l*h - 51, 3*c + 5*h + 10 - 65 = 0. List the prime factors of c.
3, 5
Let t be (-3 - -4) + -1 + 0. Suppose -z = -t*z - 14. List the prime factors of z.
2, 7
Let n be (4/5)/(-1 + (-126)/(-135)). Suppose -4*m - 3*a = 7 + 8, -6 = -m - 4*a. What are the prime factors of (-46)/m - n/(-18)?
7
Suppose -5*u + 8*u + 5*n = 32, 5*n = u - 24. List the prime factors of u.
2, 7
Let u(i) = 11*i - 2. Let x be u(8). Let q = x + -45. List the prime factors of q.
41
Let k = -61 - -203. Suppose f + 0*f = -5*d + k, 4*f = -4*d + 120. List the prime factors of d.
2, 7
Let j(c) = 6*c**3 + 2*c**2 + c. Let z be j(-1). What are the prime factors of 1 + z/(15/(-18))?
7
Let a(r) = r**3 + 2*r**2 - 8*r - 14. List the prime factors of a(-2).
2
Let c be 2/(-7) + 60/(-35). Suppose -p + 3*p - 116 = 0. What are the prime factors of p/6 - c/6?
2, 5
What are the prime factors of (-488)/(-7) - 40/(-140)?
2, 5, 7
Let o(w) = -w + 14. Let h be o(12). Suppose -2*u + h*k + 32 = 0, 5*u - 3*u + 2*k - 20 = 0. What are the prime factors of u?
13
Let u(w) = 8*w + 8. Let m(i) = -104*i - 104. Let h(a) = -3*m(a) - 40*u(a). What are the prime factors of h(-8)?
2, 7
Let s(f) = -16*f - 5. List the prime factors of s(-7).
107
Suppose 0 = -0*z - 3*z + 87. What are the prime factors of z?
29
Let q be (18/(-1))/((-6)/4). Let n(r) = r**3 + 9*r**2 - 11*r - 8. Let s be n(-10). Suppose -s = p - q. List the prime factors of p.
2, 5
Let s = 2 - 2. Suppose s = -q - 0*q + 9. What are the prime factors of q?
3
Let a be 302/10 + 1/(-5). Let o = a - 53. Let i = -14 - o. List the prime factors of i.
3
Suppose -4*d + 7 = 3, -b - 5*d = -6. Let v(r) = -5*r - 6 + 7*r - b. List the prime factors of v(5).
3
Let j(r) = -3*r - 5. Let y be j(9). Let c = -23 - y. What are the prime factors of c?
3
Suppose -1 = -y - 0, -5*k + 55 = 5*y. Suppose -z + 3 = -k. What are the prime factors of z?
13
What are the prime factors of 17/2*3 - (-3)/(-6)?
5
Suppose 5*t + 5*r + 16 - 1 = 0, 0 = t + 4*r + 18. Suppose 12 = t*l - 4. What are the prime factors of l?
2
Suppose -4*y + 5*c - 32 = 0, 4*y - 2*c + 3 + 17 = 0. Let v(h) = -h**2 - 9*h - 3. Let w be v(-6). Let l = y + w. What are the prime factors of l?
2, 3
Suppose -d = 5*t - 2 - 3, 4*t = -d + 5. Let h = t + 11. List the prime factors of h.
11
Suppose 4*w - 4 = 0, 4*w - 8*w = -r + 45. What are the prime factors of r?
7
Suppose -4*j + 2 = -3*b + 12, 2*b + 5*j = -1. Let m(x) = -3*x + 2. Let n be m(b). What are the prime factors of (n + 1)/((-6)/16)?
2
Let a(r) = -13*r**3 + 2*r**2 + r. Let l be a(-1). Suppose 3*z - 3*x = 2*z + l, 4*z - 2*x - 106 = 0. Suppose -4*j = -3 - z. List the prime factors of j.
2
Let j = -16 + 21. What are the prime factors of j?
5
Suppose 12 = 4*p - 4, -76 = -4*w - 3*p. What are the prime factors of w?
2
Let o(u) = 48*u. List the prime factors of o(6).
2, 3
Let v be ((-16)/(-6))/((-2)/(-9)). Suppose -8 = -5*z + v. Suppose 0 = -c - 4*c + 4*x + 60, z*c - 48 = -4*x. List the prime factors of c.
2, 3
Let k = -26 - -82. What are the prime factors of k?
2, 7
Suppose 17 + 3 = 5*m - 5*r, -4*m = 3*r + 5. Let d(s) = 58*s**2 + 2*s - 1. List the prime fact